a**2 - a + 0 + 5*a. Let y = -59 + 57. Give j(y).
11
Let u(d) be the third derivative of -d**4/12 + d**3/6 - 9*d**2. Determine u(-1).
3
Let y(k) = -2 + 5*k**3 + 2*k**3 - 3*k + 5*k + 3*k**2 - 6*k**3. What is y(-2)?
-2
Let y(x) = -4*x**3 - 4*x**2 + x + 4. Let r(t) = -7*t**3 - 8*t**2 + 2*t + 8. Let d(w) = 3*r(w) - 5*y(w). Suppose -8 = 4*o + 8, -5*z + 4*o = 4. Calculate d(z).
0
Let g(k) = 7*k + 1. Let v(r) = -r**3 - 17*r**2 - 29*r + 16. Let n be v(-15). Calculate g(n).
8
Suppose -5 + 5 = -j. Let q(g) be the third derivative of 0 - 1/60*g**5 - 5/24*g**4 + j*g - 2*g**2 + 1/6*g**3. Calculate q(-5).
1
Let a be (-1 + (-8)/(-6))*3. Let r = 3 + -1. Let m(d) = 0*d**2 - 2*d**2 + 2*d - 1 + 7*d**r. Determine m(a).
6
Let o(j) = -j**2 - 4*j. Let h = -28 - -25. Determine o(h).
3
Let q(l) = 6 - 6*l - l - 2*l**2 - 64*l**3 + 65*l**3. Determine q(4).
10
Let f(s) be the second derivative of -s**4/12 - 3*s**3/2 - 5*s**2/2 + s. What is f(-5)?
15
Let x(l) = -l**2 - 5*l + 8. Suppose 0 = -4*c + 11 + 33. Let j = 5 - c. What is x(j)?
2
Let a(t) = -2*t**3 - 4*t**2 - 3*t - 2. Let s be a(-2). Suppose 7*g + s = 3*g. Let b(k) = k + 1. Calculate b(g).
0
Let a(t) = 14*t - 23. Let d(n) = 5*n - 8. Let v(p) = 3*a(p) - 8*d(p). What is v(5)?
5
Let o(w) = -w - 1. Let b(i) = 2*i - 1. Let y(d) = -b(d) - 3*o(d). Give y(-6).
-2
Let f(k) be the first derivative of k**6/360 - k**5/120 + k**4/6 - k**3/3 - 7. Let y(g) be the third derivative of f(g). What is y(0)?
4
Let d(l) = -3*l**2 + 3*l**2 - 5*l + l**2 + 3 + 3. Calculate d(5).
6
Suppose 0 = -3*a - 4*f + 15 + 13, 3*f = 12. Let j(v) = v**3 - v**2 - 4 - 4*v**2 - 3 + 6*v + 3. Calculate j(a).
4
Let x(j) = -2*j - 15. Let h(q) = q - 7. Let o(s) = -s. Let k(r) = h(r) + 2*o(r). Let n(m) = 9*k(m) - 4*x(m). Calculate n(-5).
2
Let o(l) = -4*l**3 + l**2 + 13*l + 1. Let a(n) = -n**3 + 4*n. Let w(h) = -7*a(h) + 2*o(h). Give w(2).
-2
Let s(d) be the second derivative of 0*d**2 + 3*d - 7/6*d**3 + 0. Calculate s(-1).
7
Let l be (-124)/10 - (-2)/5. Let u = l - -11. Let z(r) = r**3 - r**2 + 7. Let b(q) = 1. Let f(w) = 6*b(w) - z(w). Calculate f(u).
1
Let w(m) be the second derivative of m**3/2 - m**2/2 + 9*m. Suppose 3*a = 4*a + 4. Calculate w(a).
-13
Let o(u) = -u**2 + 7*u + 8. Let v be ((-8)/(-28))/((-2)/(-56)). Calculate o(v).
0
Let m(d) be the third derivative of -11*d**5/60 + d**4/24 + d**3/6 + 11*d**2. What is m(-1)?
-11
Let w(l) = -l**2 - 6*l - 1. Let i be w(-6). Suppose 2*j + 2*k = 0, 0*k - 5*k - 2 = 4*j. Let z(x) = -3*x**3 - 3 + 2*x**2 + 12*x**3 + j. Give z(i).
-8
Let v(h) = h - 3 - 2 + 2 + 0. Let m(g) = -g**2 + g + 1. Let o(j) = 3*j**2 + 7*j + 2. Let z(u) = -2*m(u) - o(u). Let c be z(-8). Give v(c).
1
Let s(f) = -f**2 - f - 14. Let a(p) = -5*p**2 - 4*p - 55. Let h(q) = 2*a(q) - 9*s(q). Let z be h(0). Suppose -4*r + z = -0*r. Let n(t) = 2*t + 1. Give n(r).
9
Let z(x) be the first derivative of 0*x + 3 + 1/120*x**5 + 0*x**2 + x**3 + 1/4*x**4. Let o(d) be the third derivative of z(d). What is o(-4)?
2
Let s(w) be the second derivative of -w**5/20 - w**4/4 + w**3/2 - w**2 - 4*w. Calculate s(2).
-16
Suppose 0 = -2*h + r + 24, 53 = 4*h + h + r. Suppose -5*i - 10 = -5*b, 0 = -2*b - 4*i + 3*i - h. Let l(g) = g**3 + 3*g**2 - 2*g - 1. Calculate l(b).
5
Let b(y) = 3*y - 7. Let o(v) = v**3 - 6*v**2 + 8*v - 10. Let j be o(5). Give b(j).
8
Let y be 0 + 2/(-4)*-22. Let n = y + -15. Let u(x) = -x**2 - 5*x - 5. Determine u(n).
-1
Suppose -2*s + 5 = 1. Let k(l) = -l - 4 + 4*l**s - l**3 + l + l. Suppose -6 = a - 3*a. Calculate k(a).
8
Let d(x) = -42*x**3 + 4 + 2*x - 5 - 2*x**2 + 59*x**3. Give d(1).
16
Suppose 2 = 4*u - 2. Let a(l) = u - l + l**2 + l. Let k be (0 + 2/(-5))*5. Determine a(k).
5
Let k(i) = i**2 + 5*i + 3. Let d be k(-5). Suppose -9 = 3*s + d. Let r(p) = -5 + 3*p**2 + 12*p + 2*p**3 - p**3 - 17*p - 1. Determine r(s).
-2
Let b(d) = 3*d + 1. Let a(w) = -2*w. Let o be a(3). Let v be 2/6 + 26/o. Determine b(v).
-11
Let t = 5 - -2. Suppose -2*r + t*r = 0. Suppose 2*k = j - 4, -2*j - j - 2*k - 4 = r. Let l(m) = -m**3 - m**2 + 8. Calculate l(j).
8
Let t(f) = -3*f - 2. Let a be t(-2). Let b(n) = 23*n - a - 11*n - 14*n. Give b(-5).
6
Let x = -10 - -11. Let v(q) = -q. Determine v(x).
-1
Let c(t) = t**3 - 4*t**2 + t + 2. Let m = 0 + -2. Let o = m + 1. Let i = 2 - o. What is c(i)?
-4
Let r(o) = -o + 9. Let l be r(9). Suppose -g - g - 3*c = 24, -2*c - 8 = l. Let u(f) = -2*f + 2. What is u(g)?
14
Let n(s) = s**3 - 3*s**2 + 2*s - 4. Suppose 0 = 9*z - 20 - 7. Calculate n(z).
2
Let u(d) be the second derivative of -2*d + 0 - d**2 - 1/3*d**3 - 1/20*d**5 + 1/12*d**4. What is u(-2)?
14
Let w(r) = -r - 5 + 0*r - 2*r + 5*r. What is w(5)?
5
Let w(h) = h**2 + 8*h + 6. Let u(l) = 2*l + 6. Let y be u(-6). Let j be w(y). Let g(z) = 0 + 12*z - 5 - 13*z. What is g(j)?
1
Let u(h) = -5*h + 2. Let j be (-2 - -1) + (9 - 7). Suppose -1 = -l + j. Determine u(l).
-8
Let l(y) = -y - 8. Let g(p) = 6*p**2 + 2*p + 1. Let r be g(-1). Suppose 5*u - 4*n + n - 22 = 0, r*n - 20 = -3*u. Let j = 1 - u. Determine l(j).
-4
Let i(p) be the third derivative of 5*p**4/24 + p**3/6 + 8*p**2. Give i(-4).
-19
Let b(d) = -d**3 - 2*d**2 + 3*d + 2. Let m be (-3 + 9/(-6))*8/12. Calculate b(m).
2
Let h be 3/(-6) + 22/4. Let z(p) = -3 + 2*p - 2*p - h + p. Give z(6).
-2
Let u = -110 - -111. Let j(v) = -3*v**3 - v**2. Calculate j(u).
-4
Let u(t) = -7*t**2 + t. Let o(b) = b**3 + 7*b**2 - 9*b - 7. Let p be (16/(-6))/((-3)/(-9)). Let j be o(p). Calculate u(j).
-6
Let q(s) = -s - 1. Suppose b = -2 - 2, 5*o = -2*b - 3. Suppose -2*v + 5 = -3. Suppose -5*y = -v*a - o, 5*y = 3*a + y + 1. Calculate q(a).
-2
Let h(o) = 13 - 44 + 18 + 4*o - o**2 + 17. Let a be ((-8)/(-10))/((-1)/(-5)). What is h(a)?
4
Let y(c) = -c - 7. Let w(b) = 14*b**2 + 16*b - 26. Let i(m) = 5*m**2 + 5*m - 9. Let v(s) = -11*i(s) + 4*w(s). Let q be v(-9). Determine y(q).
-2
Suppose 4*m - 6*o = -3*o - 4, -m - o + 6 = 0. Let b(h) = -4*h**m - 2*h - 2*h**3 + 6*h - 2 + 3*h**3. What is b(3)?
1
Let j be 1/(-4) - (-5)/20. Let t(p) = -6 + 2 - p + 0. Determine t(j).
-4
Suppose -5*h + 4*c + 15 = 0, 12 = 4*h + 5*c - 0. Let i(o) = -4*o**2 + 5*o - 3. What is i(h)?
-24
Let s(b) = b**2 + 5*b - 5. Suppose 3*c = 0, -3*y - 2*y - 25 = -4*c. Determine s(y).
-5
Let y(u) = -2*u**3 - 3*u**2 - 4*u - 3. Let x(n) = 2*n - 6. Let r be x(6). Suppose -3*c + 3 = -r. Let b = c + -5. Give y(b).
9
Let j be 10 - 0/(-2) - -1. Suppose -2*m + 3 = 4*h - j, 7 = 5*m - 4*h. Let u(i) = -3*i - 2*i + 1 + m*i + i**2. What is u(1)?
0
Let p(i) = i + 3. Let q(t) = t + 1. Let v(z) = z + 1. Let u be v(-4). Let c(l) = u*q(l) + p(l). Calculate c(-3).
6
Let r(a) be the first derivative of 1/2*a**2 - 2 + 3*a. What is r(0)?
3
Let a(v) = -4*v + v**2 - 7*v + 3*v + 5. Let n be (8/3 - 2)*9. What is a(n)?
-7
Let u(s) = s**2 - 3*s - 4. Let o be (-2)/(4 + -3) + (8 - 2). Give u(o).
0
Let j(w) = 4*w**3 - w**2 + 1. Suppose 0*o = o - 3. Suppose 2*l - 9 = 3*a, -a - 5 = -5*l + o*a. Let d(h) = -h - 4. Let m be d(l). What is j(m)?
-4
Let u(c) be the first derivative of 1 - 1/2*c**2 - 12*c. What is u(0)?
-12
Let i(t) = -5*t**2 + 13*t + 9. Let f(d) = 2*d**2 - 6*d - 4. Let p(u) = 9*f(u) + 4*i(u). Give p(-3).
-12
Let w(c) = -c**3 + 4*c**2 + 3*c. Let u be w(5). Let y = u + 16. Let j = y - 1. Let s(z) = -z**2 + 4*z + 3. Determine s(j).
-2
Let c(a) = 3*a**2 + 20*a. Let l(r) = -r**2 - 7*r. Let o(v) = 6*c(v) + 17*l(v). Let g(s) = s + 5. Let m be g(-5). What is o(m)?
0
Let v = -8 + 10. Let y(k) = -3 - k**v - 3*k + 8*k - 3 + k. What is y(5)?
-1
Let a(y) = 2*y - 5. Suppose -1 = 3*t - 19. Let x = 41 + -58. Let v be t/8 - x/4. What is a(v)?
5
Let s be (-4)/8*(-1 + 1). Let g be (2 + -5)/(s + -1). Let f(j) = 2*j + 2 - 7*j + 1 + j**2. Determine f(g).
-3
Let j(s) be the third derivative of s**7/840 - s**6/120 + s**4/8 - s**3/2 - 3*s**2. Let q(f) be the first derivative of j(f). Calculate q(3).
3
Let m(q) be the second derivative of -1/20*q**5 - 2*q**2 + 0 + 2/3*q**3 + 9*q - 5/12*q**4. Determine m(-6).
8
Let d be (-1)/((-1)/(-4 - -3 - 4)). Let m(c) = c**2 + 3*c - 2. Calculate m(d).
8
Let b(j) = 7*j**2 + 3*j + 3*j**3 - 3*j**2 - 4*j**3 + 3 + 0*j**2. Give b(4).
15
Let y(m) = -m**2 - 12*m - 9. Let k(g) = g**2 + 11*g + 9. Let z(s) = 4*k(s) + 3*y(s). Determine z(-6).
-3
Suppose 2*l - h = 7, 5*l + 4*h - 8 - 3 = 0. Let g be (1/(-2))/(l/(-24)). Suppose -